 + 5*s - 4*s - 98 - s - s. Calculate q(2).
6
Let r(f) = 7*f + 67. Let n be r(-9). Let w(g) = g**2 - 4*g - 2. Determine w(n).
-2
Let j(x) = -7*x**2 + 5*x - 12. Let s(b) = 19*b**2 - 15*b + 33. Let t(c) = -11*j(c) - 4*s(c). Suppose -4*r + 12 = -7*r + 3*l, -4*l + 7 = -r. Calculate t(r).
-6
Let z(d) = 22*d. Let u(v) = -v**3 + 7*v**2 + 32*v + 13. Let k be u(10). Let c = k + -34. What is z(c)?
-22
Let u(r) = 17*r - 9. Let v be u(8). Let j = -125 + v. Let w(c) = c**3 + c**2 - 1. What is w(j)?
11
Let w(l) = -l**3 - 8*l**2 - 5*l - 6. Suppose 5*b + m = -17, 5*b - m = -6*m - 5. Let y be (21/6)/(2/b). Calculate w(y).
-20
Let x(s) = -6*s**3 - 2 + 13*s**2 + 5*s**3 - 9*s**2 + 3*s - 2*s. Calculate x(4).
2
Suppose 0 = -t - u + 3*u - 4, -4*t - 3*u = -17. Let h = -57 + 59. Let o(v) = h*v - 3*v + 4*v - v - 4*v**2. Calculate o(t).
-12
Let l(a) = -a**2 - 4*a + 2. Let x be l(-4). Let t(j) = x - 7*j + 4*j + 2*j. What is t(-5)?
7
Suppose 26*v + 115 = 141. Let h(q) be the first derivative of 3*q**2 + q + 1. What is h(v)?
7
Let l(h) = h**3 - h**2 - h + 10. Suppose -3*a - 134 = 5*w - a, -4*w = -2*a + 118. Let j = -17 - w. Suppose -2*p + 3*x = -j + 26, p = 2*x - 10. Determine l(p).
10
Let l(j) = j**2 + 8*j + 9. Let b be l(-7). Let t(m) = m**2 + 4*m + 3. Let p be t(-3). Let i(c) = p*c**2 - 3*c**2 - 420*c + c**3 + 1 + 422*c. What is i(b)?
1
Let t(l) = 5*l**2 + 4*l - 4. Let b(z) = 18*z**2 + 11*z - 11. Let a(o) = 2*b(o) - 7*t(o). Determine a(3).
-3
Let f(o) = -60*o + 17. Let t(i) = 74*i - 16. Let s(v) = 5*f(v) + 4*t(v). Calculate s(4).
5
Let j(p) be the first derivative of -p**2 + 2*p - 33. What is j(10)?
-18
Let o = 14 + -12. Let v(k) = -6 + 0*k**2 + 10*k**o - 5*k**2 - k**3 + 2*k. Calculate v(5).
4
Suppose q - 30 = -4*q + 2*j, -4*q = -2*j - 22. Let d(w) = w**3 - 9*w**2 + 2*w - 1. Give d(q).
-49
Let g(i) be the second derivative of -i**3/2 + 31*i**2/2 + 289*i. Give g(12).
-5
Suppose 9*t + 4 = 8*t. Suppose z = -3*s + 18, -2*s = -s - 2*z + 1. Let h(m) = -5*m + 2*m - m**2 - 3*m - s. Give h(t).
3
Suppose 0*f - 4 = -4*f, 4*p + 5*f - 17 = 0. Let a(d) = d**2 - 3*d - 4. Let z(k) = -2*k**2 + 7*k + 8. Let m(c) = -5*a(c) - 3*z(c). Calculate m(p).
-13
Let r(u) = -56 - 4*u + 0*u + 31 + 25. Give r(-1).
4
Suppose -3*z + 5*t + 0 = -4, -4*t + 16 = 0. Let i(x) = x**2 - 10*x + 10. Determine i(z).
-6
Let o(x) be the first derivative of -x**3/3 - 4*x**2 + 7*x - 63. Calculate o(-9).
-2
Let m be (25/(-15))/(10/(-12)). Let v(a) = -6 + m + 5 + 24*a. What is v(-1)?
-23
Let u(z) be the third derivative of z**4/24 + 13*z**3/6 + 9*z**2 - 8. Calculate u(-9).
4
Let s(l) = 10*l + 56. Let k be s(0). Let f(p) = p - k + 56. Give f(0).
0
Let j(p) be the second derivative of -p**4/12 - 7*p**2/2 - 49*p. What is j(0)?
-7
Let c(k) be the third derivative of -k**5/60 - k**4/6 + 2*k**3/3 - 403*k**2. Suppose 2*f - 1 = -9. Calculate c(f).
4
Let p(s) be the first derivative of s**6/120 - s**5/10 + 7*s**4/24 - s**3/3 + 9*s**2/2 + 3. Let u(f) be the second derivative of p(f). Give u(5).
8
Let i(o) = o**2 + 6*o + 2. Let j(k) = 2*k + 20. Let p be j(-8). Suppose -30 = m - 5*u, p*m + 5 = -2*u - 5. Give i(m).
-3
Let n(z) = -z**3 - 2*z**2 - 4. Let p be 2/(-3) + 140/21. Suppose -5*g + 4 = -g. Suppose -v - 14 = 3*o - g, -3*v - p = -2*o. Calculate n(o).
5
Let v(y) = y**2 - 5*y + 4. Let b be v(5). Suppose -b*m = -3*u - 18, 6 = 3*u - 0. Let g(a) = -a**3 + 7*a**2 - 7*a - 6. Determine g(m).
-12
Let o(q) = q - 1. Let r(f) = -6*f - 6. Let w(y) = 5*o(y) + r(y). Let j be w(-7). Let t(x) = -3*x - 2. Calculate t(j).
10
Let c(f) be the first derivative of -f**3/3 - 13*f**2/2 - 9*f - 73. What is c(-13)?
-9
Let q(u) = -11*u**2 - u - 3. Let x(w) = 23*w**2 + 2*w + 7. Let o(h) = -5*q(h) - 2*x(h). Let i = -26 - -15. Let r = -12 - i. Give o(r).
9
Let k(b) = -b**2 + b + 2. Let m = 7 - 2. Suppose m*p - p = 72. Suppose 7*g - p = g. Determine k(g).
-4
Let k be (-255)/(-60) + (-3)/(-4). Suppose -4*h + k*w = 32, 3*h + 24 = w - 6*w. Let q(d) = -d - 7. Calculate q(h).
1
Let c(n) = 0 - 3 + 2*n + n**3 - 6 - 6*n**2. Let b(f) = 2*f**3 - 13*f**2 - 4*f - 15. Let k be b(7). Calculate c(k).
3
Let b(n) = -n - 1. Let i(r) = r**2. Let y(g) = b(g) - 2*i(g). Suppose 0 = 43*u + 11 + 32. What is y(u)?
-2
Let m be (-5 - (-1 - -2))/1. Suppose 0 = 2*w + 3*p - 0*p, 5*p = -4*w + 2. Let z(l) = l + 8 - 6 - w. Give z(m).
-7
Let j = 8 + -9. Let k(c) = -2*c + 2. What is k(j)?
4
Let s(g) = -g**3 + 5*g - 11. Let q be s(-3). Let b(t) = t**2 - 2*t + 1. What is b(q)?
0
Let j(l) = -65*l + 1. Let r(b) = -134*b + 1. Let a(p) = 2*j(p) - r(p). Let v(c) = c - 4. Let k be v(6). Determine a(k).
9
Let z(p) = p**2 + 9*p - 32. Let u be z(-12). Let b(h) = -2 - 2*h + 6*h + 1. Give b(u).
15
Let f(p) = -p**3 + 2*p**2 - 2*p - 2. Let a be 21/12 - 11/(-44). Give f(a).
-6
Let h = -146 - -148. Let y(f) = -79 + 2*f + 79. Calculate y(h).
4
Let a be -2*(0 - 15/(-10)). Let c = -3 - a. Let j(g) = g**2 - g + 3. Determine j(c).
3
Let s(q) = 2*q**2 + 31*q - 36. Let u(h) = -h**2 - 16*h + 19. Let r(v) = -6*s(v) - 11*u(v). Determine r(-9).
16
Let t(m) = 6*m**3 + 4*m + 4. Let g(p) = p**3 - p**2 + p + 1. Let x(s) = -3*g(s) + t(s). Let j be 3/1 + (60/(-5) - -7). Determine x(j).
-13
Suppose 2*o = 3*o - 15*o. Suppose -6*x + 7*x + 4*r = 4, o = 2*x + 4*r + 4. Let i(t) = -t**2 - 10*t + 10. Calculate i(x).
26
Let q = -197 - -71. Let d be ((-8)/(-14))/((-36)/q). Let c(l) = 6*l**2 - 6*l**2 + 1 + 6*l**2 + 2*l - 2*l**d. Determine c(-1).
3
Let t be (-4 - (0 - 4)) + 3. Let m(j) = j**3 - 3*j**2 - 3*j - 1. Let b be m(t). Let s(k) = k**3 + 10*k**2 - k - 10. Calculate s(b).
0
Suppose 20 - 19 = -v. Let z(w) = -30*w + 1. Give z(v).
31
Let l be 2/5 - (0 - (-18)/(-5)). Let q(u) = -u**2 + 3*u + 10. Calculate q(l).
6
Let o(n) = -477 + 0*n**3 + 476 - 23*n**3. Give o(1).
-24
Let n be 14/3*(-2 - 1). Let y = -8 - n. Let a(i) = i**3 - 5*i**2 - 4 + 1 - 32*i + 55*i - 31*i + 11. Determine a(y).
-4
Let x(h) = -4 - 7 - 2*h - 15 + 31 - h**2. Suppose -2*b - 11 = -4*k + k, -3*k - 5 = 2*b. Calculate x(b).
-3
Let i(d) = -d**3 + d**2 - 5*d + 4. Let y(b) = b**2 - 1. Let f(n) = -i(n) - 6*y(n). Determine f(6).
-4
Let p(l) be the third derivative of -l**5/60 - 11*l**3/6 + 25*l**2. Give p(0).
-11
Let f(h) = -4*h**2 + 4*h - 2. Let x = -48 + 50. Suppose 20 = x*q + 16. What is f(q)?
-10
Let w be -2 - (-1 - -12) - -17. Let g(i) = i - 1 - 2 - 6. Determine g(w).
-5
Suppose -2*s + 128 = -10*s. Let j(p) = -p**3 - 16*p**2 + p + 17. What is j(s)?
1
Let t(g) = -1205*g - 1. Let m be t(-1). Let u(s) = 1203*s**3 - 8*s**2 + 5*s + 3*s**2 - 6 - m*s**3. Determine u(-6).
0
Let d(l) = -3*l - 43. Let s be d(-15). Let u(f) = -5 + 405*f - 5*f**2 + 2*f**s + 2*f**2 - 412*f. What is u(-6)?
1
Let r(x) = -2*x**2 + 25*x - 37. Let z(i) = i**2 - 12*i + 17. Let d(b) = -4*r(b) - 9*z(b). What is d(8)?
-5
Let k(d) = d**2 + d + 4. Let r be k(-3). Suppose 4*v - 4*n - 14 = -9*n, r = 2*v + 4*n. Let x(m) = -v - m - 4*m + 4*m. Give x(4).
-5
Let a(f) be the first derivative of f**6/360 - f**5/120 - f**4/24 - 12*f**3 + 43. Let w(x) be the third derivative of a(x). Calculate w(0).
-1
Suppose -87*g = i - 88*g + 1, -2*i = -g + 1. Let f(a) = -a - 12. Give f(i).
-12
Let n(g) = -9*g**3 + 2*g**2 + g - 2. Let l(v) = v**2 + 102*v - 647. Let k be l(6). Give n(k).
-8
Let y(b) be the third derivative of 5*b**4/24 + 5*b**3/6 + b**2. Let v(a) = -2*a**3 - 17*a**2 + 35*a + 46. Let l be v(-10). Give y(l).
-15
Let q(j) = -11 - 11 + 19 - j. Determine q(-10).
7
Let k(f) = -f**2 + 6*f - 5. Suppose -r + 3*r = 0. Let p be 1 + 37 + r - 0. Let t = -34 + p. Give k(t).
3
Suppose 5*t + 2*y = 87, -3*t + y + 26 = -24. Let j(q) = 2*q - 42 + 17 + t + 11. Calculate j(6).
15
Let h be ((-4)/10)/((-2)/10). Let z(g) = -6*g**3 - 7*g**2 - 8*g. Let p(v) = 7*v**3 + 9*v**2 + 9*v. Let o(m) = 5*p(m) + 6*z(m). Determine o(h).
-2
Let p be (12/16)/((-1)/4). Let o(k) = -2*k - 2. What is o(p)?
4
Let q(a) = -4*a - 4. Suppose 6 + 2 = 2*y. Suppose -7*o = -2*w - 2*o, y*w + 22 = -o. Determine q(w).
16
Let s(h) = 4*h**3 - 12 - 4*h**3 + 3*h**3 + 3*h**3 + h**2 - 5*h**3. Calculate s(0).
-12
Let o be ((-80)/(-35))/(-1 - (-9)/7). Let z(b) = b**2 - 12*b + 14. Give z(o).
-18
Let c(w) = -w - 9108*w**2 + 5*w + 9107*w**2 + 2 + 0*w - w**3. Determine c(-3).
8
Let b(z) = -10*z - 7. Let f(m) = 3*m. Let v(i) = b(i) + 5*f(i). What is v(3)?
8
Suppose 4*v - 8 = 4. Suppos